 - 0. Let g = 7 - p. What is the units digit of g?
4
Suppose 0 = 5*b - 0*o - o - 68, 0 = 5*b - 4*o - 77. What is the tens digit of 1/(b/12 - 1)?
1
Let n(p) = 2*p**3 + 2*p**2 - 3*p - 2. Let z be n(-2). What is the units digit of 13/2 - z/8?
7
Let g = -30 - -67. What is the units digit of g?
7
Let q be (4/(-8))/((-2)/8). What is the units digit of -8*q*-1 - 0?
6
Let q(x) = 2*x**2 - x**2 - 6 + 6*x + 5 + 0*x**2. What is the units digit of q(-7)?
6
Suppose 0 = -4*y + 88 + 84. Let b = y + -31. What is the tens digit of b?
1
Let w = -5 - -16. What is the tens digit of w?
1
Suppose p - 2*z - z - 1 = 0, -4*p - 9 = z. Let y be 24 - (0 + p + 3). Suppose -v = 4*n - y, -2*v + 50 = 2*v + 2*n. What is the units digit of v?
1
Let s = -16 - -57. Suppose -d + s = t - 5*t, 4*d - 122 = -5*t. Let g = d + -23. What is the units digit of g?
0
Suppose -4*l = -2*m - 4 + 12, 3*m + l = 26. Let j = m - 6. Suppose -52 = -3*y - j*y + 3*w, 5*w = -y - 12. What is the units digit of y?
8
Let v = 62 + -9. What is the tens digit of v?
5
Suppose 0 = 2*m - 5*f - 26, -4*m = -f - 61 + 9. What is the tens digit of m?
1
Let t(j) = 2*j**2 - 2*j - 2. Let z(h) = -5*h. Let r be z(-1). Suppose -8 = 2*s, s + 2*s = -r*g - 2. What is the units digit of t(g)?
2
Let w = -2 + 6. Suppose w*u = -3*c + 91, -3*u - c + 45 = -u. Suppose -3*k - a + 23 = 4, u = 4*k - 2*a. What is the units digit of k?
6
What is the units digit of (-7)/28 + (-298)/(-8)?
7
Let v be 2 + -4 - (-1 + -3). Let m be (44/v)/((-2)/(-4)). Suppose -5*u + m = 2*p, -2*u - 3*u = -4*p - 62. What is the units digit of u?
0
Suppose n - 2*q + 10 = 0, 0*n + 3*n + q = 5. Suppose n*t - 4 = 3*v - t, -2*v + 6 = -5*t. What is the units digit of (-51)/(-9) - v/(-3)?
5
Let f(y) = -y + 16. Let b(m) = -m**3 + 5*m**2 + 2*m. Let h be b(5). What is the units digit of f(h)?
6
Suppose -3*i = 2*u - 6, 2*u + u + 2 = i. Let d(k) = 7 - i + 3*k - 5. What is the units digit of d(3)?
9
Let n = -5 - -9. Let p = n - -4. What is the units digit of p?
8
Let f be ((-2)/(-2)*0)/1. Suppose f = -5*t + 35 - 5. What is the units digit of t?
6
Let a be (3/9)/(1/12). Suppose a*n - 44 = 4*h, 2*h = -n - 3*h + 17. What is the units digit of n?
2
Let v = 259 - 126. What is the units digit of v?
3
Suppose -241 = -5*r + 2*b, r = -r + 5*b + 88. Let m = r - 4. What is the units digit of m?
5
Suppose -g = -5*p + 2*g - 11, 2*g - 9 = 5*p. Let b be (-3)/(p + -2) - 1. Suppose 0*n = 4*j - 2*n - 52, 2*j - 2*n - 30 = b. What is the tens digit of j?
1
Suppose 0*n + 2*n = -12. Let o be 2/((n - -1) + 3). Let q(a) = 19*a**2 + a. What is the units digit of q(o)?
8
Let k(d) = d**3 - 4*d**2 + 3*d. Let v be k(2). Let q be (v - -4 - 9)*-1. What is the units digit of (q - (1 + -3))*1?
9
Suppose -5*u + 343 = -362. What is the units digit of u?
1
Suppose 0 = 5*j - 0 - 15. Suppose 2*r = 1 + j. Suppose r*x - 3 = -y + 6, 3*y - x - 6 = 0. What is the units digit of y?
3
Suppose 9 = -2*b - 13. Let s = -2 - b. What is the units digit of s?
9
Let l(i) = -i**2 + 4*i + 8. Let n be l(6). Let s(b) = b**2 + 3*b + 4. Let t be s(n). Let p = 1 + t. What is the units digit of p?
9
Let h(r) = -r + 3. Let z be ((-44)/20)/((-1)/5). Let s be h(z). Let v = s - -15. What is the units digit of v?
7
Suppose 2*s + 4*s = 564. What is the tens digit of s?
9
Let q = -13 - -21. Let p = q - 4. Suppose l = -p*l + 5. What is the units digit of l?
1
Let x = -11 - -11. Suppose x = 3*j - 2*j - 19. What is the units digit of j?
9
Suppose 2*o - 414 - 326 = 0. What is the hundreds digit of o?
3
Let d be (-4)/(-3)*6/(-4). What is the units digit of ((-30)/12)/(1/d)?
5
Let d(p) = 14*p + 10. What is the tens digit of d(6)?
9
Let j be -2*(172/(-8) - -2). Suppose -c = 3*x + 2*c - j, -5*c - 37 = -x. What is the units digit of x?
7
What is the units digit of (-1261)/(-52) - 3/(-4)?
5
Let n(v) = -2*v**2 + 25*v - 25. Let x(t) = t**2 - 12*t + 12. Let l(u) = -6*n(u) - 13*x(u). Suppose 6*a = 14 + 10. What is the units digit of l(a)?
2
Suppose -2*q + 2*w + 22 = 0, 0 = q + 4*q - w - 55. What is the units digit of ((-32)/(-4))/(-4) + q?
9
Let l be (-4)/(-12)*(180 + -3). Suppose -4*f + l = -21. What is the units digit of f?
0
Suppose 0*z = 3*z - 264. What is the tens digit of z?
8
Let b = -6 + 16. Suppose -2*d + b = -2*h, 19 = -4*h + 3*d + 2*d. Let u = 2 - h. What is the units digit of u?
8
Suppose 0 = 2*q - 2. What is the units digit of q?
1
Let u(c) be the first derivative of -c**3/3 + 15*c**2/2 + 6*c - 4. What is the tens digit of u(13)?
3
Let i be 10/15*(-159)/2. Let b = -74 - i. Let a = b - -34. What is the tens digit of a?
1
Let r(u) = 4*u**3 + 2*u**2 - 3*u + 4. What is the tens digit of r(2)?
3
Suppose 4*g = 2*p + 12, -4*g + 18 = -4*p + 5*p. Suppose -p*x = -x - 3. Suppose 0 = 4*i - 4, x*u + i - 16 = 3*i. What is the units digit of u?
6
Suppose -2*w = 35 - 111. What is the units digit of w?
8
Let x(j) = -j**3 - j + 1. Let a(z) be the first derivative of z**4/4 + 2*z**3/3 - 2*z - 2. Let d(v) = -a(v) - 2*x(v). What is the units digit of d(2)?
4
Let f(l) = 2*l**2 - 5*l - 5. Let c(s) = s**2 - 6*s - 6. Let b(z) = 3*c(z) - 2*f(z). What is the units digit of b(-6)?
4
Suppose 4*o - 172 = -5*l, -3*o + 2*l + 106 = -0*l. Suppose 46 = s + s + 5*r, -2*s + o = 3*r. What is the units digit of s?
3
Suppose -4*l = l - 25. Suppose 2*o + o = 4*s + 80, -3*o + 62 = l*s. What is the units digit of o?
4
Let l be (-1)/4 - 13/(-4). What is the units digit of 1 + -2 - (1 - l)?
1
Suppose 3*m + 2*o - 26 = -2*o, -24 = -2*m + 4*o. Let z = m + 6. What is the units digit of z?
6
Let c be ((-4)/4)/((-2)/(-2)). What is the tens digit of (3 - 2)/(c/(-21))?
2
Suppose 125*h = 126*h - 81. What is the units digit of h?
1
Let h be 2 + 0 - (-2 + 3). Let z be -2*(1 + 0)*h. What is the units digit of -1*(-1 - 2 - z)?
1
Let r = 1 + -4. Let f be (-1 - 63/r)*2. Let b = f - 24. What is the units digit of b?
6
Let x = -25 + 48. What is the tens digit of x?
2
Let w(q) = 5*q**2 + 16*q - 9. What is the tens digit of w(4)?
3
Let n be (0 + 1)/(16/464). Suppose -4*v = -4*h - 176, -2*v + n = -v + 2*h. What is the tens digit of v?
3
Let z = 3 + -21. Let r = -10 - z. What is the units digit of r?
8
Let p = -15 + 23. What is the units digit of p?
8
Let s(j) = 6*j**3 - 7*j - 6. Let m(r) = -6*r**3 + 8*r + 7. Let n(y) = -5*m(y) - 6*s(y). Let w = 2 - 3. What is the units digit of n(w)?
5
Let s be 0/2 + (4 - 3). Suppose 6 - s = -5*u. Let g(p) = -6*p. What is the units digit of g(u)?
6
Let w = -19 - -33. Suppose u = 3*k - 17, -2*k - 2*k + w = 3*u. Let a = u + 6. What is the units digit of a?
4
Let o(w) = -w**3 - 9*w**2 + 9*w - 7. Let g be o(-10). Suppose -3*t - 114 = -3*h - 0*t, -g*h = -2*t - 115. What is the tens digit of h?
3
Let w = 1 + -5. Let h be (-3 - w)/(1/41). Suppose h = 2*a + 5*j, a = 4*j - j - 7. What is the units digit of a?
8
Let a(w) = -w**2 + 8*w - 4. Let z be a(7). Suppose -z*y = -y - 6. Suppose -y*m + 3 = -6. What is the units digit of m?
3
Suppose -3*v + 3 + 9 = 0, 2*v + 532 = 3*x. What is the tens digit of x?
8
Suppose -7*p + 11 = -31. What is the units digit of p?
6
Suppose 3*h - 101 = 4*q, 4*h - 69 = 2*q + 49. Suppose -h = 6*y - 3*y. What is the units digit of (-2)/3 + (-87)/y?
9
Let u be 12/(-8)*(-12)/9. Suppose u*t - w - 3 = 11, -2*w + 28 = 4*t. What is the units digit of t?
7
Let p(u) = 19*u - 69. What is the tens digit of p(5)?
2
Suppose 6*l - 70 = l - 4*c, -4*l + 97 = -5*c. Suppose 16 = 3*f + 4*w, -w - 2*w + 12 = 4*f. Suppose 3*x = -f + l. What is the units digit of x?
6
Suppose w + 5*g - 101 = 0, 2*w + 5*g - 184 = g. What is the tens digit of w?
8
Let s(p) = -p**3 + 5*p**2 + p + 1. Let v be s(5). Suppose -i + v*i - 100 = 0. What is the tens digit of i?
2
Let g be (-26)/(-143) + 4/(-22). Suppose 6*m - 8*m + 34 = g. What is the units digit of m?
7
Let g = 9 - 5. Suppose -3*u = 4*y - 44, 0*u = g*y + u - 52. What is the tens digit of y?
1
Let s = 8 + -8. Suppose -4*i + 5*m - 9 = -26, s = -5*i + 3*m + 31. What is the units digit of i?
8
Suppose 124 = 2*o + 2*o. Suppose -f - 2*s = -o, 4*f - s = -0*s + 79. What is the units digit of f?
1
Let y(c) = -11*c - 1. Suppose 2*u + 5*p = -12, 0*p = 3*p + 6. Let z be y(u). Let s(b) = 2*b - 6. What is the tens digit of s(z)?
1
Let n be (-31)/(-11) - 20/(-110). Let u be ((-5)/3)/((-2)/6). Let k = u - n. What is the units digit of k?
2
Suppose -